vert 13 (base 6) to base 13.
9
What is 0 (base 8) in base 4?
0
66 (base 14) to base 5
330
45 (base 14) to base 9
67
What is 256 (base 7) in base 15?
94
Convert 4d (base 15) to base 12.
61
What is -19 (base 16) in base 14?
-1b
What is -2 (base 12) in base 14?
-2
What is e (base 15) in base 14?
10
Convert 102 (base 5) to base 9.
30
-2 (base 11) to base 2
-10
Convert 110 (base 15) to base 2.
11110000
Convert -1100 (base 2) to base 4.
-30
What is -5 (base 8) in base 3?
-12
What is 10 (base 13) in base 5?
23
Convert 123 (base 15) to base 6.
1110
What is -112 (base 3) in base 5?
-24
-14 (base 12) to base 2
-10000
Convert -53 (base 12) to base 15.
-43
-2 (base 7) to base 15
-2
Convert 1 (base 5) to base 7.
1
What is b (base 14) in base 2?
1011
Convert 1022 (base 3) to base 4.
203
Convert 8 (base 13) to base 11.
8
What is 16 (base 16) in base 5?
42
Convert 7 (base 10) to base 14.
7
What is 49 (base 12) in base 16?
39
-6 (base 13) to base 4
-12
Convert -55 (base 12) to base 5.
-230
Convert -43 (base 15) to base 3.
-2100
Convert 230 (base 6) to base 9.
110
-7 (base 9) to base 6
-11
What is -1d (base 16) in base 15?
-1e
f (base 16) to base 14
11
Convert 12 (base 5) to base 3.
21
66 (base 12) to base 8
116
What is 158 (base 15) in base 7?
620
Convert 12 (base 3) to base 6.
5
What is -11100001 (base 2) in base 4?
-3201
Convert 0 (base 6) to base 15.
0
2 (base 10) to base 13
2
Convert 44 (base 12) to base 11.
48
What is -2 (base 5) in base 7?
-2
Convert 16 (base 8) to base 5.
24
What is 2 (base 10) in base 11?
2
What is 2 (base 13) in base 7?
2
What is -1 (base 11) in base 15?
-1
Convert 45 (base 16) to base 14.
4d
What is 1 (base 2) in base 3?
1
Convert 1a (base 15) to base 4.
121
11011 (base 3) to base 2
1110000
Convert 3 (base 15) to base 10.
3
Convert -2 (base 11) to base 12.
-2
What is -239 (base 10) in base 8?
-357
46 (base 16) to base 11
64
-10220 (base 4) to base 8
-450
122 (base 4) to base 9
28
Convert -20 (base 8) to base 2.
-10000
What is -13 (base 4) in base 9?
-7
Convert 5 (base 10) to base 5.
10
55 (base 16) to base 3
10011
Convert 55 (base 10) to base 9.
61
Convert 1 (base 5) to base 7.
1
What is 1230 (base 5) in base 2?
10111110
What is 112 (base 4) in base 13?
19
-3 (base 8) to base 14
-3
What is -8 (base 10) in base 3?
-22
257 (base 12) to base 13
214
What is 9 (base 12) in base 5?
14
Convert 15 (base 12) to base 16.
11
Convert -9 (base 15) to base 11.
-9
What is -38 (base 10) in base 8?
-46
0 (base 12) to base 10
0
31 (base 5) to base 6
24
-12 (base 10) to base 15
-c
5 (base 11) to base 8
5
Convert 8 (base 13) to base 15.
8
Convert -5 (base 12) to base 2.
-101
Convert -7 (base 13) to base 7.
-10
-4 (base 8) to base 3
-11
5 (base 8) to base 14
5
What is 183 (base 12) in base 15?
113
Convert -404 (base 5) to base 8.
-150
Convert 5 (base 8) to base 13.
5
What is 1001 (base 2) in base 5?
14
What is -6 (base 14) in base 12?
-6
-1011 (base 2) to base 9
-12
0 (base 14) to base 5
0
Convert 0 (base 9) to base 10.
0
Convert -5 (base 10) to base 14.
-5
4 (base 8) to base 4
10
What is 1 (base 7) in base 6?
1
-42 (base 9) to base 11
-35
What is -2 (base 3) in base 7?
-2
21 (base 3) to base 9
7
-2 (base 6) to base 10
-2
Convert -31 (base 10) to base 9.
-34
Convert -10 (base 3) to base 13.
-3
What is -136 (base 12) in base 10?
-186
Convert -a (base 15) to base 6.
-14
12 (base 16) to base 7
24
Convert -40 (base 9) to base 15.
-26
-11110 (base 2) to base 12
-26
Convert -100110 (base 3) to base 10.
-255
Convert 2 (base 10) to base 15.
2
-1 (base 14) to base 5
-1
11 (base 3) to base 9
4
2122 (base 4) to base 6
414
-12 (base 8) to base 2
-1010
What is -20 (base 12) in base 15?
-19
-1 (base 12) to base 10
-1
Convert 1 (base 2) to base 15.
1
Convert 3 (base 7) to base 11.
3
Convert -12 (base 15) to base 14.
-13
Convert -8 (base 11) to base 7.
-11
What is 11 (base 5) in base 7?
6
-1 (base 16) to base 4
-1
Convert 0 (base 13) to base 6.
0
-5 (base 6) to base 9
-5
Convert -312 (base 9) to base 12.
-192
12 (base 6) to base 13
8
-20 (base 15) to base 6
-50
3 (base 7) to base 2
11
22 (base 9) to base 3
202
Convert 7 (base 14) to base 15.
7
11 (base 5) to base 12
6
What is 320 (base 9) in base 15?
126
What is 1 (base 2) in base 11?
1
-70 (base 9) to base 12
-53
4 (base 5) to base 11
4
13 (base 8) to base 14
b
5 (base 13) to base 2
101
-10 (base 3) to base 7
-3
Convert 220 (base 3) to base 4.
120
Convert 7b (base 16) to base 14.
8b
-21 (base 3) to base 9
-7
Convert -6 (base 13) to base 6.
-10
What is -5 (base 14) in base 12?
-5
Convert -c (base 14) to base 9.
-13
What is 58 (base 16) in base 6?
224
What is 26 (base 9) in base 14?
1a
Convert 11 (base 5) to base 14.
6
Convert 2a (base 16) to base 15.
2c
What is -3 (base 5) in base 6?
-3
Convert -1 (base 4) to base 13.
-1
-8 (base 12) to base 2
-1000
Convert 110 (base 2) to base 8.
6
What is -4 (base 8) in base 13?
-4
Convert -136 (base 7) to base 8.
-114
Convert -76 (base 12) to base 7.
-156
-3 (base 10) to base 13
-3
What is 1 (base 6) in base 10?
1
2120 (base 3) to base 13
54
What is -4 (base 6) in base 15?
-4
What is -1 (base 3) in base 2?
-1
What is 9 (base 10) in base 5?
14
Convert 10 (base 3) to base 16.
3
Convert -2 (base 11) to base 15.
-2
Convert -5 (base 15) to base 10.
-5
Convert 3 (base 14) to base 5.
3
What is -413 (base 8) in base 10?
-267
Convert 140 (base 5) to base 2.
101101
What is 263 (base 12) in base 9?
443
What is 2 (base 8) in base 11?
2
-3 (base 13) to base 5
-3
Convert -9 (base 15) to base 16.
-9
-8d (base 14) to base 7
-236
-1a (base 13) to base 12
-1b
What is -9 (base 16) in base 4?
-21
Convert 127 (base 9) to base 12.
8a
-13 (base 5) to base 2
-1000
-175 (base 8) to base 2
-1111101
What is -2 (base 3) in base 2?
-10
What is -10 (base 9) in base 10?
-9
0 (base 5) to base 16
0
What is 66 (base 8) in base 13?
42
What is 3 (base 10) in base 12?
3
Convert -3 (base 7) to base 6.
-3
-13 (base 16) to base 10
-19
What is -32 (base 5) in base 8?
-21
29 (base 16) to base 9
45
-5 (base 13) to base 14
-5
31 (base 6) to base 15
14
Convert -1 (base 14) to base 4.
-1
Convert 102 (base 14) to base 11.
170
Convert 433 (base 6) to base 14.
bb
101 (base 15) to base 5
1401
-2 (base 9) to base 8
-2
-10 (base 3) to base 12
-3
Convert -1c (base 15) to base 16.
-1b
What is 2 (base 16) in base 13?
2
What is -12 (base 5) in base 3?
-21
Convert 25 (base 11) to base 9.
30
Convert -36 (base 11) to base 10.
-39
What is 9 (base 14) in base 5?
14
Convert 36 (base 10) to base 3.
1100
Convert 0 (base 2) to base 15.
0
-5 (base 16) to base 3
-12
What is 8 (base 14) in base 16?
8
-23 (base 5) to base 11
-12
11020 (base 3) to base 5
424
-1 (base 15) to base 9
-1
-19 (base 15) to base 3
-220
What is -3 (base 8) in base 16?
-3
-16 (base 11) to base 9
-18
Convert -1100 (base 2) to base 14.
-c
-12 (base 3) to base 7
-5
Convert -1 (base 6) to base 9.
-1
Convert -71 (base 8) to base 7.
-111
What is 89 (base 11) in base 13?
76
What is -114 (base 5) in base 7?
-46
What is -52 (base 9) in base 7?
-65
-10100 (base 2) to base 15
-15
What is 11 (base 3) in base 8?
4
-26 (base 8) to base 7
-31
Convert 144 (base 7) to base 4.
1101
What is -1 (base 8) in base 2?
-1
What is -111111 (base 2) in base 11?
-58
-14 (base 10) to base 16
-e
Convert 1 (base 15) to base 5.
1
What is -18c (base 14) in base 13?
-1b8
Convert c7 (base 16) to base 6.
531
50 (base 7) to base 8
43
-45 (base 9) to base 4
-221
Convert -6 (base 12) to base 10.
-6
What is 1 (base 14) in base 10?
1
Convert -5 (base 14) to base 5.
-10
Convert -1 (base 15) to base 3.
-1
What is 20 (base 5) in base 11?
a
What is 100001000 (base 2) in base 13?
174
Convert -1 (base 16) to base 3.
-1
Convert 11 (base 2) to base 8.
3
1 (base 6) to base 14
1
103 (base 8) to base 14
4b
57 (base 13) to base 15
4c
What is 4 (base 8) in base 15?
4
What is 8 (base 13) in base 3?
22
5 (base 15) to base 14
5
What is 3 (base 14) in base 9?
3
What is b (base 12) in base 4?
23
Convert 1 (base 5) to base 4.
1
-8 (base 14) to base 8
-10
Convert -51 (base 6) to base 16.
-1f
What is 132 (base 7) in base 9?
80
What is 7 (base 9) in base 16?
7
-7 (base 14) to base 16
-7
What is -122 (base 4) in base 9?
-28
What is c7 (base 14) in base 6?
451
c (base 14) to base 2
1100
Convert 0 (base 9) to base 5.
0
201 (base 4) to bas